.
72
Let m(t) = 22*t - 785. Determine m(36).
7
Let w(o) = -o**2 + 3*o + 3. Determine w(-2).
-7
Let s(o) = -3*o**3 - 2*o**2 - o - 1. Give s(-2).
17
Let p(l) = 12*l - 4. Determine p(-3).
-40
Let p(x) = 15*x + 655. Calculate p(-44).
-5
Let r(z) = -z**3 + z**2 - z - 1. What is r(0)?
-1
Let s(a) = -a**3 - 8*a**2 - 9*a + 11. What is s(-6)?
-7
Let d(o) = o**3 + 11*o**2 + 5*o + 18. Give d(-11).
-37
Let z(i) = 90*i - 277. Calculate z(3).
-7
Let j(w) = -11*w + 2. Give j(-2).
24
Let j(a) = a**2 + 17*a + 5. Calculate j(-11).
-61
Let y(k) = -3*k**3 - 25*k**2 - 6*k + 2. Determine y(-8).
-14
Let g(y) = y**3 + y**2 - 17*y + 19. Determine g(-6).
-59
Let n(s) = -s**3 + 9*s**2 - 16*s + 13. Give n(7).
-1
Let k(p) = -p**3 + 2*p - 3. Determine k(2).
-7
Let i(w) = 13*w**2 + 22*w + 21. What is i(-1)?
12
Let h(c) = c**2 + 12*c + 9. What is h(-11)?
-2
Let p(c) = -2*c**3 + c**2 - 4. What is p(3)?
-49
Let s(u) = -u**3 + 4*u**2 - 5*u + 5. What is s(5)?
-45
Let p(d) = 2*d**2 - 4. What is p(0)?
-4
Let c(p) = 7*p - 25. Calculate c(0).
-25
Let k(g) = 4*g + 41. What is k(-17)?
-27
Let m(a) = -a**2 + 39*a + 82. Calculate m(41).
0
Let d(v) = v**2 + 30*v + 92. Determine d(-27).
11
Let l(w) = w**3 + 7*w**2 + 5*w - 26. Determine l(-5).
-1
Let a(q) = q**2 - 4*q + 3. What is a(1)?
0
Let h(t) = 6*t + 2. What is h(-4)?
-22
Let t(d) = 30*d - 91. Determine t(3).
-1
Let b(u) = 5*u**2 - 16*u + 63. Give b(7).
196
Let l(w) = 3*w**2 - 2*w - 2. Calculate l(2).
6
Let x(j) = -j**3 + 4*j**2 + 3*j - 4. What is x(5)?
-14
Let s(o) = -o**2 + 27*o - 43. Give s(24).
29
Let p(o) = -9*o - 38. Determine p(-3).
-11
Let k(j) = -10*j - 243. What is k(-24)?
-3
Let d(l) = -2*l**2 + 2*l + 9. Determine d(0).
9
Let p(a) = a**3 + 24*a**2 - 6*a - 21. Calculate p(-24).
123
Let t(z) = -6*z + 48. Calculate t(25).
-102
Let j(t) = -t**2 + 1. What is j(-1)?
0
Let j(f) = -2*f**3 + 3*f**2 + 3*f. What is j(-2)?
22
Let o(n) = -n**2. Calculate o(1).
-1
Let n(m) = -4*m + 53. What is n(0)?
53
Let k(b) = -7*b - 5. Calculate k(-2).
9
Let r(g) = 2*g**3 + 8*g**2 - 2*g - 9. Determine r(-4).
-1
Let h(y) = -y**2 + 16*y - 31. Calculate h(14).
-3
Let j(m) = -m**3 + 33*m**2 + 37*m - 89. Calculate j(34).
13
Let i(f) = -14*f + 8. Calculate i(1).
-6
Let m(w) = -85*w - 3578. Determine m(-42).
-8
Let t(n) = n**3 - 6*n**2 - n - 16. Calculate t(7).
26
Let d(p) = p**3 - 12*p**2 + 22*p - 11. What is d(10)?
9
Let q(z) = z**2 - 22*z + 15. Determine q(22).
15
Let y(m) = 6*m + 7. What is y(-3)?
-11
Let l(d) = -14*d**3 + 2*d + 1. Calculate l(-1).
13
Let q(r) = 38*r**2 + 5*r - 5. Calculate q(1).
38
Let i(z) = 6*z + 9. What is i(7)?
51
Let q(v) = -v**2 - 11*v + 7. Determine q(-7).
35
Let g(v) = 40*v + 1. Give g(-1).
-39
Let x(v) = -29*v**3 + 2*v**2 + 2*v + 1. Determine x(-1).
30
Let y(k) = -k**3 - 19*k**2 - k - 17. Calculate y(-19).
2
Let r(f) = -f**3 - 5*f**2 - 2*f + 14. What is r(-4)?
6
Let o(f) = -f**2 - 11*f - 1. Determine o(-10).
9
Let m(l) = -3*l**3 - l**2 + l. Give m(2).
-26
Let i(f) = -6*f + 11. Calculate i(13).
-67
Let u(z) = -z**2 + 37*z + 205. Calculate u(42).
-5
Let s(m) = 5*m + 44. Determine s(-8).
4
Let z(g) = g**3 - g + 3. Give z(0).
3
Let s(p) = -3*p - 8. Determine s(1).
-11
Let o(s) = s**2 - 14*s - 5. Determine o(12).
-29
Let b(l) = l**2 - l - 1. Give b(0).
-1
Let f(k) = 4*k + 5. Determine f(-2).
-3
Let g(r) = -3*r**3 + 26*r**2 + 6*r + 35. Determine g(9).
8
Let y(o) = o**2 + 16*o + 16. Give y(-11).
-39
Let k(x) = 2*x**2 + 4*x - 3. Give k(-5).
27
Let n(b) = b**3 + 6*b**2 + 3*b - 7. Calculate n(-5).
3
Let x(d) = 5*d + 4. Give x(-2).
-6
Let q(y) = y**3 + 9*y**2 + 6*y + 2. Calculate q(-9).
-52
Let m(l) = 10*l + 5. Give m(-4).
-35
Let y(a) = -3*a + 19. What is y(7)?
-2
Let y(h) = -h**2 + 2. Determine y(-2).
-2
Let i(l) = 4*l**2 - l - 4. Determine i(3).
29
Let r(q) = -q**3 + 9*q**2 - 6*q - 8. What is r(8)?
8
Let w(u) = u**3 + 8*u**2 + 5*u - 8. Give w(-7).
6
Let n(j) = 2*j + 1. Give n(3).
7
Let a(h) = 2*h - 7. What is a(-12)?
-31
Let n(r) = 5*r + 1. Give n(2).
11
Let z(h) = 5*h - 20. Determine z(7).
15
Let t(q) = q**2 - 10*q - 3. Calculate t(9).
-12
Let s(x) = -2*x + 31. What is s(8)?
15
Let f(r) = 12*r + 3. Calculate f(-3).
-33
Let y(p) = -p + 17. Calculate y(7).
10
Let b(t) = 2*t**3 + 7*t**2 - t - 1. Determine b(-4).
-13
Let a(l) = -2*l**3 - 17*l**2 + 10*l + 12. What is a(-9)?
3
Let v(j) = 22*j - 122. What is v(6)?
10
Let f(b) = 2*b**2 - 16*b + 31. Calculate f(5).
1
Let p(q) = -12*q**3 - 2*q**2 + q. Determine p(1).
-13
Let r(z) = -2*z**3 + 13*z**2 + 9*z. Calculate r(7).
14
Let n(k) = -k**2 + 25*k + 39. Determine n(27).
-15
Let q(p) = p**3 - 28*p**2 - 30*p + 20. Give q(29).
-9
Let l(w) = -w**3 + 5*w**2 + 4. What is l(2)?
16
Let c(x) = x**2 - 12*x + 4. What is c(8)?
-28
Let j(o) = -2*o**2 + o + 4. Calculate j(3).
-11
Let x(v) = -v**3 + 2*v**2 - v + 1. Give x(2).
-1
Let n(b) = b**2 - 3*b - 5. Determine n(6).
13
Let r(x) = x**3 + 4*x**2 - x + 25. Give r(-5).
5
Let j(a) = a**3 + 8*a**2 + 10*a. Give j(-6).
12
Let y(c) = 42*c - 189. Give y(5).
21
Let z(h) = h**2 + 6*h + 7. What is z(-6)?
7
Let t(b) = 2*b + 4. Determine t(-8).
-12
Let w(t) = 2*t**2 - 10*t - 26. Calculate w(-2).
2
Let f(p) = -8*p - 2. Calculate f(-1).
6
Let k(i) = -4*i + 6. Calculate k(1).
2
Let n(i) = -i**2 - 4*i + 1. What is n(-4)?
1
Let q(m) = m**2 + 2*m - 4. Determine q(3).
11
Let b(z) = -3*z**2 - 8*z - 10. Give b(-4).
-26
Let l(q) = q**2 - 68*q + 534. Calculate l(9).
3
Let x(l) = -3*l**2 + 8*l - 2. Give x(3).
-5
Let n(p) = p**3 - 33*p**2 + 31*p + 39. Give n(32).
7
Let v(u) = -23*u + 18. Determine v(2).
-28
Let b(o) = -o**2 + 14*o - 3. Give b(6).
45
Let o(x) = 4*x - 1. Calculate o(-8).
-33
Let v(k) = -k**3 - 5*k**2 + 9*k + 1. What is v(-6)?
-17
Let u(f) = -f**2 + 6*f + 2. Determine u(5).
7
Let f(a) = 2*a**2 - 8*a - 1. What is f(9)?
89
Let h(i) = -i**3 + 6*i**2 + 6*i - 9. Calculate h(7).
-16
Let t(v) = -v**2 - 12*v + 8. Give t(-13).
-5
Let j(c) = 15*c + 1. Give j(-1).
-14
Let p(y) = 24*y + 16. Give p(8).
208
Let p(b) = -b**2 + 2*b - 5. Give p(8).
-53
Let q(b) = -11*b**2 - 4*b - 4. Give q(-1).
-11
Let b(q) = -q + 18. Give b(12).
6
Let s(j) = j**3 - 4*j**2 + 11*j - 10. Determine s(2).
4
Let q(m) = 5*m - 13. What is q(10)?
37
Let u(h) = -h**2 + h + 19. Determine u(0).
19
Let v(w) = w**2 + 2*w + 11. Calculate v(0).
11
Let y(w) = 3*w + 14. Determine y(-6).
-4
Let u(t) = t + 17. Give u(-12).
5
Let r(z) = -11*z - 79. Determine r(-7).
-2
Let q(t) = -t**3 - 14*t**2 - 14*t - 6. Give q(-13).
7
Let v(n) = n**3 - 18*n**2 + 17*n + 6. Give v(17).
6
Let h(p) = 6*p + 9. Calculate h(-9).
-45
Let d(b) = -2*b**2 - 12*b - 43. Calculate d(-4).
-27
Let u(s) = -s**2 - 5*s + 7. Calculate u(-7).
-7
Let h(j) = j**2 + 23*j + 105. Calculate h(-18).
15
Let c(r) = r**3 + 5*r**2 - 11*r - 31. Determine c(-2).
3
Let j(l) = 222*l + 9. Determine j(-1).
-213
Let k(a) = a**3 + 9*a**2 + 11*a + 5. What is k(-8)?
-19
Let x(n) = 20*n + 2. Calculate x(2).
42
Let n(m) = -m**3 + 8*m**2 + m - 15. Calculate n(8).
-7
Let s(i) = -i**2 + 12*i + 5. What is s(12)?
5
Let v(u) = -22*u + 7. Give v(7).
-147
Let i(p) = p - 64. Determine i(0).
-64
Let p(x) = -x**3 + 5*x**2 + 5. Give p(5).
5
Let q(c) = -3*c - 16. Calculate q(-8).
8
Let m(g) = -g - 3. What is m(-8)?
5
Let p(b) = -b**2 + 21*b - 90. Give p(14).
8
Let r(o) = -o**2 - 18*o - 54. Determine r(-14).
2
Let h(c) = -71*c. What is h(-1)?
71
Let i(x) = -3*x + 21. Give i(10).
-9
Let k(y) = 15*y + 67. Give k(8).
187
Let s(i) = i**3 + 6*i**2 - 13*i - 64. Determine s(-6).
14
Let m(w) = 10*w + 7. Give m(0).
7
Let j(z) = z**3 + 10*z**2 - 10*z + 6. Give j(-11).
-5
Let w(u) = 7*u**3 - 6*u**2 + 9*u. What is w(2)?
50
Let u(o) = -o**3 + 10*o**2 - 18*o. Determine u(8).
-16
Let o(b) = 7*b + 45. Give o(-6).
3
Let d(f) = 5*f - 77. What is d(18)?
13
Let y(z) = -10*z + 102. What is y(5)?
52
Let j(y) = -9*y + 290. Calculate j(33).
-7
Let q(v) = v**3 + 18. Calculate q(0).
18
Let r(u) = -2*u + 11. What is r(11)?
-11
Let s(w) = -w**3 - 10*w**2 + 13*w + 9. Determine s(-11).
-13
Let w(z) = 6*z**3 - 2*z**2 - 4*z - 7. Give w(3).
125
Let o(r) = -r**2 - 21*r - 85. Calculate o(-10).
25
Let o(w) = -7*w**2 - 4*w. Give o(-1).
-3
Let b(x) = -5*x - 26. Give b(-6).
4
Let v(p) = 4*p**3 + p**2 - 2*p - 2. Calculate v(-1).
-3
Let i(n) = 5*n + 5. Determine i(6).
35
Let p(l) = -l**3 - 16*l**2 + 25*l + 131. Calculate p(-